{"id":350,"date":"2018-07-29T20:14:45","date_gmt":"2018-07-29T18:14:45","guid":{"rendered":"http:\/\/www.franzhois.com\/?page_id=350"},"modified":"2022-03-19T13:58:14","modified_gmt":"2022-03-19T12:58:14","slug":"impressum-agb","status":"publish","type":"page","link":"https:\/\/www.franzhois.com\/?page_id=350","title":{"rendered":"Impressum \/ AGB"},"content":{"rendered":"<p><strong>Ihr Fotostudio\u00a0 &#8211; Fotograf Franz Harald Hois<br \/><\/strong><\/p>\n<p><strong>Firmenname: <\/strong>Franz Harald Hois<br \/><strong>Firmenbezeichnung: <\/strong> Designfoto\u00a0 &#8211;\u00a0 Designfotoakademie\u00a0 &#8211;\u00a0 Dreamweddingphoto\u00a0 &#8211;\u00a0 FineArt Photography<br \/><strong>Gesch\u00e4ftsf\u00fchrer:<\/strong> \u00a0Franz Harald Hois<br \/><strong>Berufsbezeichnung:<\/strong> Meisterfotograf<\/p>\n<p><strong>Adresse:<\/strong> Gr\u00fcnderstra\u00dfe 42<br \/>8580 K\u00f6flach\/Pichling<br \/>Gewerbestandort<\/p>\n<p><a href=\"https:\/\/www.google.com\/maps\/place\/Gr%C3%BCnderstra%C3%9Fe+42,+8580+K%C3%B6flach\/@47.043794,15.069731,394m\/data=!3m1!1e3!4m5!3m4!1s0x476fd4f5c4f6376b:0x2293061c1de86105!8m2!3d47.043794!4d15.0697307?hl=de\">Gr\u00fcnderstra\u00dfe 42 &#8211; Google Maps<\/a><\/p>\n<p>Telefon: 0043_664_3301032<br \/>Mail: [office(@)designfoto.at]<\/p>\n<p><strong>Homepageadressen:<\/strong><br \/><a href=\"http:\/\/www.designfoto.at\/\">http:\/\/www.designfoto.at<\/a><br \/><a href=\"http:\/\/www.franzhois.com\/\">http:\/\/www.franzhois.com<\/a>\u00a0 \u2013\u00a0 FineArt Fotografie \u2013 private Homepage<\/p>\n<p>Mitglied der WKO Stmk., Fachgruppe Fotografen<br \/><a href=\"https:\/\/www.wkoecg.at\/Web\/Ecg.aspx?FirmaID=0407f24e-1410-41f3-84a7-e1da538a29f8\" target=\"_blank\" rel=\"noopener noreferrer\"><img src=\"https:\/\/www.wkoecg.at\/Web\/Library\/img\/ecg.gif\" alt=\"Informationen zu E-Commerce und Mediengesetz\" \/><\/a><br \/><a href=\"https:\/\/www.franzhois.com\/wp-content\/uploads\/2022\/03\/AGBs_Verbrauchergeschaefte-Designfoto-Hois.pdf\">Allgemeine Gesch\u00e4ftsbedingungen<\/a><\/p>\n<p><a href=\"https:\/\/www.franzhois.com\/wp-content\/uploads\/2022\/03\/007_AUSHANG_Informationspflicht-gema-e-Artikel-13-DSGVO-Designfoto-fhhois-web.pdf\">007_AUSHANG_Informationspflicht-gema-e\u2014Artikel-13-DSGVO Designfoto fhhois web<\/a><\/p>\n<p><strong>Copyright \u2013 Urheberrecht<\/strong><br \/>Alle Fotos, Texte und Grafiken unterliegen dem Urheberrecht bzw. dem Copyright der angef\u00fchrten Firmen von Franz Harald Hois. Die Verwendung der Fotos, Texte und Grafiken ist ohne Zustimmung des Rechteinhabers nicht gestattet und wird rechtlich verfolgt.<\/p>\n<p><strong>Haftungshinweise:<\/strong> Trotz sorgf\u00e4ltiger inhaltlicher Kontrolle \u00fcbernehme ich keine Haftung f\u00fcr die Inhalte dieser Website. F\u00fcr den Inhalt der verlinkten Seiten sind ausschlie\u00dflich deren Betreiber verantwortlich.<\/p>\n\n\n<p><\/p>\n","protected":false},"excerpt":{"rendered":"<p>Ihr Fotostudio\u00a0 &#8211; Fotograf Franz Harald Hois Firmenname: Franz Harald HoisFirmenbezeichnung: Designfoto\u00a0 &#8211;\u00a0 Designfotoakademie\u00a0 &#8211;\u00a0 Dreamweddingphoto\u00a0 &#8211;\u00a0 FineArt PhotographyGesch\u00e4ftsf\u00fchrer: \u00a0Franz Harald HoisBerufsbezeichnung: Meisterfotograf Adresse: Gr\u00fcnderstra\u00dfe 428580 K\u00f6flach\/PichlingGewerbestandort Gr\u00fcnderstra\u00dfe 42 &#8211; Google Maps Telefon: 0043_664_3301032Mail: [office(@)designfoto.at] Homepageadressen:http:\/\/www.designfoto.athttp:\/\/www.franzhois.com\u00a0 \u2013\u00a0 FineArt Fotografie \u2013 private Homepage Mitglied der WKO Stmk., Fachgruppe FotografenAllgemeine Gesch\u00e4ftsbedingungen 007_AUSHANG_Informationspflicht-gema-e\u2014Artikel-13-DSGVO Designfoto fhhois web Copyright \u2013&#8230;<\/p>\n","protected":false},"author":1,"featured_media":0,"parent":0,"menu_order":0,"comment_status":"closed","ping_status":"closed","template":"","meta":[],"_links":{"self":[{"href":"https:\/\/www.franzhois.com\/index.php?rest_route=\/wp\/v2\/pages\/350"}],"collection":[{"href":"https:\/\/www.franzhois.com\/index.php?rest_route=\/wp\/v2\/pages"}],"about":[{"href":"https:\/\/www.franzhois.com\/index.php?rest_route=\/wp\/v2\/types\/page"}],"author":[{"embeddable":true,"href":"https:\/\/www.franzhois.com\/index.php?rest_route=\/wp\/v2\/users\/1"}],"replies":[{"embeddable":true,"href":"https:\/\/www.franzhois.com\/index.php?rest_route=%2Fwp%2Fv2%2Fcomments&post=350"}],"version-history":[{"count":11,"href":"https:\/\/www.franzhois.com\/index.php?rest_route=\/wp\/v2\/pages\/350\/revisions"}],"predecessor-version":[{"id":2246,"href":"https:\/\/www.franzhois.com\/index.php?rest_route=\/wp\/v2\/pages\/350\/revisions\/2246"}],"wp:attachment":[{"href":"https:\/\/www.franzhois.com\/index.php?rest_route=%2Fwp%2Fv2%2Fmedia&parent=350"}],"curies":[{"name":"wp","href":"https:\/\/api.w.org\/{rel}","templated":true}]}}